{"id":63,"date":"2023-04-07T18:41:14","date_gmt":"2023-04-07T16:41:14","guid":{"rendered":"http:\/\/kazanoli.fr\/?page_id=63"},"modified":"2026-01-25T12:30:33","modified_gmt":"2026-01-25T11:30:33","slug":"acces","status":"publish","type":"page","link":"https:\/\/kazanoli.fr\/index.php\/acces\/","title":{"rendered":"Acc\u00e8s"},"content":{"rendered":"\n<iframe src=\"https:\/\/www.google.com\/maps\/embed?pb=!1m18!1m12!1m3!1d3837.9603744441843!2d-61.63030162393285!3d15.858679845038223!2m3!1f0!2f0!3f0!3m2!1i1024!2i768!4f13.1!3m3!1m2!1s0x8c14a31b3cc3a86d%3A0xd1c13e624376ae91!2sKAZ%20ANOLI!5e0!3m2!1sfr!2sfr!4v1681993159640!5m2!1sfr!2sfr\" width=\"600\" height=\"450\" style=\"border:0;\" allowfullscreen=\"\" loading=\"lazy\" referrerpolicy=\"no-referrer-when-downgrade\"><\/iframe>\n\n\n\n<h1 class=\"wp-block-heading\"><strong>Comment se rendre \u00e0 Terre de Bas<\/strong><\/h1>\n\n\n\n<h2 class=\"wp-block-heading\">En Partant de Trois Rivi\u00e8res:<br>Pour vous rendre de l&rsquo;a\u00e9roport de Point \u00e0 Pitre jusqu&rsquo;au port de Trois Rivi\u00e8res, le plus simple est de prendre un Taxi <br><br><strong>Taxi Madras<\/strong>  \u2706&nbsp;+590 690 58 21 66<br><strong>Taxi Karibtour<\/strong>  \u2706&nbsp;+590 590 99 73 80<br><br><strong>EN BATEAU<\/strong> au d\u00e9part de trois rivi\u00e8res<\/h2>\n\n\n\n<p>\u00ab&nbsp;Avant de partir, il est imp\u00e9ratif de vous renseigner aupr\u00e8s de chaque compagnie maritime afin de vous faire confirmer les horaires et les jours de travers\u00e9e, qui sont susceptibles d&rsquo;\u00eatre modifi\u00e9s en fonction de la saison ou de la m\u00e9t\u00e9o&nbsp;!&nbsp;\u00bb<\/p>\n\n\n\n<p><\/p>\n\n\n\n<div class=\"wp-block-group\"><div class=\"wp-block-group__inner-container is-layout-constrained wp-block-group-is-layout-constrained\">\n<h3 class=\"wp-block-heading\"><strong>CTM&nbsp;DEHER<\/strong> \u2706&nbsp;+590 590&nbsp;92&nbsp;06&nbsp;39&nbsp;\/ +590 590&nbsp;98&nbsp;01&nbsp;69<br><a href=\"http:\/\/www.ctmdeher.com\" target=\"_blank\" rel=\"noreferrer noopener\">www.ctmdeher.com<\/a><br><\/h3>\n<\/div><\/div>\n\n\n\n<div class=\"wp-block-group\"><div class=\"wp-block-group__inner-container is-layout-constrained wp-block-group-is-layout-constrained\"><\/div><\/div>\n\n\n\n<h3 class=\"wp-block-heading has-text-align-left\"><strong>EN BATEAU<\/strong> au d\u00e9part de St Fran\u00e7ois ou de Marie Galante<br><br><strong>COMADILE <\/strong>\u2706&nbsp;+590&nbsp;690 49 49 33<br><a href=\"https:\/\/www.comadile.fr\/\">https:\/\/www.comadile.fr\/<\/a><br><\/h3>\n\n\n\n<p><strong>COMATRILE<\/strong>\u2706&nbsp;+590 590 91 245<br><a href=\"https:\/\/www.comatrile.com\/\">https:\/\/www.comatrile.com\/<\/a><br><\/p>\n\n\n\n<h3 class=\"wp-block-heading\"><strong>EN BATEAU<\/strong> au d\u00e9part de Point \u00e0 Pitre<br><\/h3>\n\n\n\n<p><strong>L&rsquo;EXPRESS DES ILES<\/strong> \u2706&nbsp;+590 590 919 520<br><a href=\"https:\/\/www.express-des-iles.fr\/horaires-tarifs-ligne-regionale\/\">https:\/\/www.express-des-iles.fr\/horaires-tarifs-ligne-regionale\/<\/a><\/p>\n\n\n\n<h3 class=\"wp-block-heading\"><br><strong>Liaison Terre de Haut \/ Terre de Bas<\/strong><\/h3>\n\n\n\n<p><\/p>\n\n\n\n<p><strong>MAWALY navette inter \u00eeles<\/strong> \u2706 0821680888<br><a href=\"https:\/\/www.mawalyexcursion.com\"><\/a><a href=\"https:\/\/mawalyexcursion.com\/navette-inter-ile-chez-mawaly-excursion-caraibes\/\"><\/a><a href=\"https:\/\/mawalyexcursion.com\/\">Lien vers site r\u00e9servation<\/a><\/p>\n\n\n\n<p><br><strong>CTM&nbsp;DEHER<\/strong> Terre de Haut \u2706&nbsp;+590 590 98 01 69<br><strong>CTM&nbsp;DEHER<\/strong> Terre de Bas \u2706&nbsp;+590 590 99 32 24<br><br><strong>Comment se d\u00e9placer \u00e0 Terre de Bas<\/strong><br><br><strong>Iguana Location<\/strong> \u2706+590 690 63 65 54 <br><a href=\"https:\/\/www.facebook.com\/profile.php?id=100063564462671&amp;locale=fr_FR\">https:\/\/www.facebook.com\/profile.php?id=100063564462671&amp;locale=fr_FR<\/a><\/p>\n\n\n\n<p><\/p>\n","protected":false},"excerpt":{"rendered":"<p>Comment se rendre \u00e0 Terre de Bas En Partant de Trois Rivi\u00e8res:Pour vous rendre de l&rsquo;a\u00e9roport de Point \u00e0 Pitre jusqu&rsquo;au port de Trois Rivi\u00e8res, le plus simple est de prendre un Taxi Taxi Madras \u2706&nbsp;+590 690 58 21 66Taxi Karibtour \u2706&nbsp;+590 590 99 73 80 EN BATEAU au d\u00e9part de trois rivi\u00e8res \u00ab&nbsp;Avant de &hellip; <\/p>\n<p class=\"link-more\"><a href=\"https:\/\/kazanoli.fr\/index.php\/acces\/\" class=\"more-link\">Continuer la lecture<span class=\"screen-reader-text\"> de &laquo;&nbsp;Acc\u00e8s&nbsp;&raquo;<\/span><\/a><\/p>\n","protected":false},"author":1,"featured_media":0,"parent":0,"menu_order":0,"comment_status":"closed","ping_status":"closed","template":"","meta":{"footnotes":""},"class_list":["post-63","page","type-page","status-publish","hentry"],"yoast_head":"<!-- This site is optimized with the Yoast SEO plugin v27.4 - https:\/\/yoast.com\/product\/yoast-seo-wordpress\/ -->\n<title>Kaz Anoli Acc\u00e8s les Saintes Terre de Bas par navettes r\u00e9guli\u00e8res<\/title>\n<meta name=\"description\" content=\"Kaz Anoli Acc\u00e8s les Saintes Terre de Bas Plusieurs compagnies maritimes assurent les navettes r\u00e9guli\u00e8res vers les Saintes.\" \/>\n<meta name=\"robots\" content=\"index, follow, max-snippet:-1, max-image-preview:large, max-video-preview:-1\" \/>\n<link rel=\"canonical\" href=\"https:\/\/kazanoli.fr\/index.php\/acces\/\" \/>\n<meta property=\"og:locale\" content=\"fr_FR\" \/>\n<meta property=\"og:type\" content=\"article\" \/>\n<meta property=\"og:title\" content=\"Kaz Anoli Acc\u00e8s les Saintes Terre de Bas par navettes r\u00e9guli\u00e8res\" \/>\n<meta property=\"og:description\" content=\"Kaz Anoli Acc\u00e8s les Saintes Terre de Bas Plusieurs compagnies maritimes assurent les navettes r\u00e9guli\u00e8res vers les Saintes.\" \/>\n<meta property=\"og:url\" content=\"https:\/\/kazanoli.fr\/index.php\/acces\/\" \/>\n<meta property=\"og:site_name\" content=\"G\u00eete Kaz Anoli Terre de Bas\" \/>\n<meta property=\"article:publisher\" content=\"https:\/\/www.facebook.com\/pierre.pap.97136\" \/>\n<meta property=\"article:modified_time\" content=\"2026-01-25T11:30:33+00:00\" \/>\n<meta name=\"twitter:card\" content=\"summary_large_image\" \/>\n<meta name=\"twitter:label1\" content=\"Dur\u00e9e de lecture estim\u00e9e\" \/>\n\t<meta name=\"twitter:data1\" content=\"2 minutes\" \/>\n<script type=\"application\/ld+json\" class=\"yoast-schema-graph\">{\"@context\":\"https:\\\/\\\/schema.org\",\"@graph\":[{\"@type\":\"WebPage\",\"@id\":\"https:\\\/\\\/kazanoli.fr\\\/index.php\\\/acces\\\/\",\"url\":\"https:\\\/\\\/kazanoli.fr\\\/index.php\\\/acces\\\/\",\"name\":\"Kaz Anoli Acc\u00e8s les Saintes Terre de Bas par navettes r\u00e9guli\u00e8res\",\"isPartOf\":{\"@id\":\"https:\\\/\\\/kazanoli.fr\\\/#website\"},\"datePublished\":\"2023-04-07T16:41:14+00:00\",\"dateModified\":\"2026-01-25T11:30:33+00:00\",\"description\":\"Kaz Anoli Acc\u00e8s les Saintes Terre de Bas Plusieurs compagnies maritimes assurent les navettes r\u00e9guli\u00e8res vers les Saintes.\",\"breadcrumb\":{\"@id\":\"https:\\\/\\\/kazanoli.fr\\\/index.php\\\/acces\\\/#breadcrumb\"},\"inLanguage\":\"fr-FR\",\"potentialAction\":[{\"@type\":\"ReadAction\",\"target\":[\"https:\\\/\\\/kazanoli.fr\\\/index.php\\\/acces\\\/\"]}]},{\"@type\":\"BreadcrumbList\",\"@id\":\"https:\\\/\\\/kazanoli.fr\\\/index.php\\\/acces\\\/#breadcrumb\",\"itemListElement\":[{\"@type\":\"ListItem\",\"position\":1,\"name\":\"Accueil\",\"item\":\"https:\\\/\\\/kazanoli.fr\\\/\"},{\"@type\":\"ListItem\",\"position\":2,\"name\":\"Acc\u00e8s\"}]},{\"@type\":\"WebSite\",\"@id\":\"https:\\\/\\\/kazanoli.fr\\\/#website\",\"url\":\"https:\\\/\\\/kazanoli.fr\\\/\",\"name\":\"G\u00eete Kaz Anoli Terre de Bas\",\"description\":\"Location g\u00eete de vacances Terre de bas les Saintes\",\"publisher\":{\"@id\":\"https:\\\/\\\/kazanoli.fr\\\/#organization\"},\"alternateName\":\"Kaz Anoli\",\"potentialAction\":[{\"@type\":\"SearchAction\",\"target\":{\"@type\":\"EntryPoint\",\"urlTemplate\":\"https:\\\/\\\/kazanoli.fr\\\/?s={search_term_string}\"},\"query-input\":{\"@type\":\"PropertyValueSpecification\",\"valueRequired\":true,\"valueName\":\"search_term_string\"}}],\"inLanguage\":\"fr-FR\"},{\"@type\":\"Organization\",\"@id\":\"https:\\\/\\\/kazanoli.fr\\\/#organization\",\"name\":\"KAZ ANOLI\",\"url\":\"https:\\\/\\\/kazanoli.fr\\\/\",\"logo\":{\"@type\":\"ImageObject\",\"inLanguage\":\"fr-FR\",\"@id\":\"https:\\\/\\\/kazanoli.fr\\\/#\\\/schema\\\/logo\\\/image\\\/\",\"url\":\"https:\\\/\\\/kazanoli.fr\\\/wp-content\\\/uploads\\\/2023\\\/04\\\/cropped-cropped-Black-and-White-Illustrated-Barbershop-Logo-.png\",\"contentUrl\":\"https:\\\/\\\/kazanoli.fr\\\/wp-content\\\/uploads\\\/2023\\\/04\\\/cropped-cropped-Black-and-White-Illustrated-Barbershop-Logo-.png\",\"width\":512,\"height\":511,\"caption\":\"KAZ ANOLI\"},\"image\":{\"@id\":\"https:\\\/\\\/kazanoli.fr\\\/#\\\/schema\\\/logo\\\/image\\\/\"},\"sameAs\":[\"https:\\\/\\\/www.facebook.com\\\/pierre.pap.97136\",\"https:\\\/\\\/goo.gl\\\/maps\\\/NkCb3G2ozQvvkdeaA\"]}]}<\/script>\n<!-- \/ Yoast SEO plugin. -->","yoast_head_json":{"title":"Kaz Anoli Acc\u00e8s les Saintes Terre de Bas par navettes r\u00e9guli\u00e8res","description":"Kaz Anoli Acc\u00e8s les Saintes Terre de Bas Plusieurs compagnies maritimes assurent les navettes r\u00e9guli\u00e8res vers les Saintes.","robots":{"index":"index","follow":"follow","max-snippet":"max-snippet:-1","max-image-preview":"max-image-preview:large","max-video-preview":"max-video-preview:-1"},"canonical":"https:\/\/kazanoli.fr\/index.php\/acces\/","og_locale":"fr_FR","og_type":"article","og_title":"Kaz Anoli Acc\u00e8s les Saintes Terre de Bas par navettes r\u00e9guli\u00e8res","og_description":"Kaz Anoli Acc\u00e8s les Saintes Terre de Bas Plusieurs compagnies maritimes assurent les navettes r\u00e9guli\u00e8res vers les Saintes.","og_url":"https:\/\/kazanoli.fr\/index.php\/acces\/","og_site_name":"G\u00eete Kaz Anoli Terre de Bas","article_publisher":"https:\/\/www.facebook.com\/pierre.pap.97136","article_modified_time":"2026-01-25T11:30:33+00:00","twitter_card":"summary_large_image","twitter_misc":{"Dur\u00e9e de lecture estim\u00e9e":"2 minutes"},"schema":{"@context":"https:\/\/schema.org","@graph":[{"@type":"WebPage","@id":"https:\/\/kazanoli.fr\/index.php\/acces\/","url":"https:\/\/kazanoli.fr\/index.php\/acces\/","name":"Kaz Anoli Acc\u00e8s les Saintes Terre de Bas par navettes r\u00e9guli\u00e8res","isPartOf":{"@id":"https:\/\/kazanoli.fr\/#website"},"datePublished":"2023-04-07T16:41:14+00:00","dateModified":"2026-01-25T11:30:33+00:00","description":"Kaz Anoli Acc\u00e8s les Saintes Terre de Bas Plusieurs compagnies maritimes assurent les navettes r\u00e9guli\u00e8res vers les Saintes.","breadcrumb":{"@id":"https:\/\/kazanoli.fr\/index.php\/acces\/#breadcrumb"},"inLanguage":"fr-FR","potentialAction":[{"@type":"ReadAction","target":["https:\/\/kazanoli.fr\/index.php\/acces\/"]}]},{"@type":"BreadcrumbList","@id":"https:\/\/kazanoli.fr\/index.php\/acces\/#breadcrumb","itemListElement":[{"@type":"ListItem","position":1,"name":"Accueil","item":"https:\/\/kazanoli.fr\/"},{"@type":"ListItem","position":2,"name":"Acc\u00e8s"}]},{"@type":"WebSite","@id":"https:\/\/kazanoli.fr\/#website","url":"https:\/\/kazanoli.fr\/","name":"G\u00eete Kaz Anoli Terre de Bas","description":"Location g\u00eete de vacances Terre de bas les Saintes","publisher":{"@id":"https:\/\/kazanoli.fr\/#organization"},"alternateName":"Kaz Anoli","potentialAction":[{"@type":"SearchAction","target":{"@type":"EntryPoint","urlTemplate":"https:\/\/kazanoli.fr\/?s={search_term_string}"},"query-input":{"@type":"PropertyValueSpecification","valueRequired":true,"valueName":"search_term_string"}}],"inLanguage":"fr-FR"},{"@type":"Organization","@id":"https:\/\/kazanoli.fr\/#organization","name":"KAZ ANOLI","url":"https:\/\/kazanoli.fr\/","logo":{"@type":"ImageObject","inLanguage":"fr-FR","@id":"https:\/\/kazanoli.fr\/#\/schema\/logo\/image\/","url":"https:\/\/kazanoli.fr\/wp-content\/uploads\/2023\/04\/cropped-cropped-Black-and-White-Illustrated-Barbershop-Logo-.png","contentUrl":"https:\/\/kazanoli.fr\/wp-content\/uploads\/2023\/04\/cropped-cropped-Black-and-White-Illustrated-Barbershop-Logo-.png","width":512,"height":511,"caption":"KAZ ANOLI"},"image":{"@id":"https:\/\/kazanoli.fr\/#\/schema\/logo\/image\/"},"sameAs":["https:\/\/www.facebook.com\/pierre.pap.97136","https:\/\/goo.gl\/maps\/NkCb3G2ozQvvkdeaA"]}]}},"_links":{"self":[{"href":"https:\/\/kazanoli.fr\/index.php\/wp-json\/wp\/v2\/pages\/63","targetHints":{"allow":["GET"]}}],"collection":[{"href":"https:\/\/kazanoli.fr\/index.php\/wp-json\/wp\/v2\/pages"}],"about":[{"href":"https:\/\/kazanoli.fr\/index.php\/wp-json\/wp\/v2\/types\/page"}],"author":[{"embeddable":true,"href":"https:\/\/kazanoli.fr\/index.php\/wp-json\/wp\/v2\/users\/1"}],"replies":[{"embeddable":true,"href":"https:\/\/kazanoli.fr\/index.php\/wp-json\/wp\/v2\/comments?post=63"}],"version-history":[{"count":35,"href":"https:\/\/kazanoli.fr\/index.php\/wp-json\/wp\/v2\/pages\/63\/revisions"}],"predecessor-version":[{"id":742,"href":"https:\/\/kazanoli.fr\/index.php\/wp-json\/wp\/v2\/pages\/63\/revisions\/742"}],"wp:attachment":[{"href":"https:\/\/kazanoli.fr\/index.php\/wp-json\/wp\/v2\/media?parent=63"}],"curies":[{"name":"wp","href":"https:\/\/api.w.org\/{rel}","templated":true}]}}